 + 2*z = -z + 10. Let n = 5 + o. Suppose -26 = 4*v + 3*r, n*v = -2*v + 2*r - 6. Determine d(v).
9
Let u be (-18)/((-2)/((-48)/18)). Let y be (-34)/10 - u/60. Let l(p) = -p**2 - p - 3. What is l(y)?
-9
Let l be -15*((-4)/(-15) - (-6)/(-9)). Let j(f) = 3 + 5*f - 4 - l*f. Let q = -15 - -7. Determine j(q).
7
Let t(s) = s**3 + 5*s**2 + 7*s + 8. Let k(c) = 4*c**3 - 2*c**2 + 2. Let a be k(-1). Let b be t(a). Let i(q) = q**2 - q - 2. What is i(b)?
18
Let i(p) = 6*p - 47. Let c be 12/(-9)*(3 + -9) - 1. Calculate i(c).
-5
Let w(j) be the third derivative of j**4/24 + 5*j**3/3 - 52*j**2 - 5*j. Calculate w(-16).
-6
Let h(c) be the first derivative of -c**5/60 - c**4/24 + 2*c**3/3 + 2. Let n(i) be the third derivative of h(i). Give n(-2).
3
Let g(i) = 9*i - 16*i + 3*i**2 + 7*i + 2 - 7*i**2. Suppose 5*c = -4*w + 28 + 5, -5*c = 3*w - 31. Calculate g(w).
-14
Let o = 5 - 10. Let g be (-15)/6*24/(-10). Let p(k) = -5*k - 5 + 0 + 10*k + k**3 + g*k**2 + 6. Determine p(o).
1
Let j(c) = -c**3 + 17*c**2 - 31*c + 21. Let f be j(15). Let n(b) = -b**2 + 4*b. Determine n(f).
-12
Let g be 1/(-3 - 0 - 75/(-24)). Let o(a) = a**2 - 10*a - 6. What is o(g)?
-22
Suppose -4*i - i + 4*z + 40 = 0, 3*z = 0. Let p be ((-156)/i)/(-13)*16/6. Let b(g) = -g**2 + 4*g + 3. Give b(p).
3
Let f(o) = 8*o**2 + 24*o + 23. Let l(h) = -3*h**2 - 8*h - 8. Suppose -15 = -3*d - 3*a, -4*a + 11 = 3*d - 5. Let x(u) = d*f(u) + 11*l(u). Give x(9).
-5
Let z(u) = -14*u - 13. Let o(b) = 5*b + 4. Let m = 14 - 10. Let y(t) = m*z(t) + 11*o(t). Determine y(-6).
-2
Let n(y) = -12*y + 67. Let j be n(5). Let h = 5 - 3. Let w(a) = -8*a + 8 - 2 - 3*a**2 + 4*a**h. Calculate w(j).
-1
Let v(m) be the third derivative of -m**6/720 - 7*m**5/120 - m**4/3 - 11*m**2. Let w(a) be the second derivative of v(a). Determine w(-7).
0
Let p be 206/10 + (-22)/(-55). Let a(s) = -s**2 + 23*s - 49. Let f be a(p). Let i(m) = m**2 + 6*m - 2. What is i(f)?
5
Let p(z) be the third derivative of -17*z**5/60 + z**4/8 - z**3/3 + 14*z**2 + 2*z. What is p(1)?
-16
Let o be (-2*4/24)/((-2)/36). Suppose 2 = 8*y - o. Let a(g) = -16*g**2. What is a(y)?
-16
Suppose 3*p + 7*i - 9 = 4*i, i = 2*p. Let m(g) = g**3 + g**2 - g. Calculate m(p).
1
Suppose -3*u + 47 = 8. Let s(m) = 7*m**3 + u*m**2 + 6 - 23 + 3*m + 13. Let o(h) = -8*h**3 - 14*h**2 - 3*h + 4. Let b(w) = 6*o(w) + 7*s(w). Determine b(-6).
14
Let a(h) = -h**3 + 4*h**2 - 2*h. Suppose 9*c - 16 = 5*c. Suppose 0 = c*g - 21 + 5. Give a(g).
-8
Suppose -3*z - 38 = -5*t, 3*z - t - 2*t = -42. Let g be 1*(-12)/3 - z. Let l be (g/16)/(9/24). Let x(r) = r + 2. What is x(l)?
4
Let h(m) be the first derivative of m**4/4 - 4*m**3/3 - 2*m**2 - 10*m + 199. Give h(5).
-5
Let d(i) = -i**3 + 6*i**2 + 9*i - 6. Let m = -9 - -16. Give d(m).
8
Let k(s) be the third derivative of -s**5/60 + s**3/3 - 3*s**2 + 5. What is k(-5)?
-23
Let i(d) = d**3 - 3*d**2 + 3*d - 3. Let f(n) = n**2 - 7*n - 117. Let q be f(15). What is i(q)?
6
Let b(m) = -2*m**2 + 4*m - 2. Suppose 4*i = -2*j - 2, 48*j - 3*i + 3 = 51*j. Calculate b(j).
-8
Let x(m) = -6*m + 1. Let g(j) = 13*j - 90. Let u be g(7). What is x(u)?
-5
Suppose -6*z + 18 = -0. Suppose 3 = 4*o - i + 1, 5*o + z = 4*i. Let y(x) = -8*x**3 - 2*x**2 + 1. Calculate y(o).
-9
Let r(p) = -p**3 + p**2 + 2*p + 1. Suppose 83*j = 88*j - 10. Give r(j).
1
Suppose -b - 2*b = 5*n + 28, 0 = 2*b + 4*n + 22. Let j(h) = -60 - 68 + 129 + 2*h + 5*h**2. Determine j(b).
4
Let i(r) = -11 - r**3 - 5*r - 8*r**2 + 28 - 4 - 8. Calculate i(-7).
-9
Let g(i) = 3*i**3 - i - 1. Let w = 49 + -23. Let v be (3 + 20/(-8))*w. Let t = v - 14. Give g(t).
-3
Let b(r) = -r**2 + r - 6. Suppose 0 = 2*s + 3*s. Let x be b(s). Let j(a) = -3*a - 6. What is j(x)?
12
Let u = -3 - -3. Let c be 49/7 - (0 - -2). Let b(i) = c*i**2 + i + i**3 - 1 - 10*i**2 + 5*i**2. What is b(u)?
-1
Let q(m) = -5*m**3 + 3 - 11 + 2*m**3 + 7*m + 5*m**2 + 2*m**3. Let l(u) = 2*u - 5. Let h be l(5). Suppose 16 = 4*k + 2*a - 10, h*a - 23 = -3*k. What is q(k)?
-2
Let r be (2/(-3))/(16/6)*-4. Let m(p) be the first derivative of 0*p + r + 1/2*p**2 + p**3. Calculate m(1).
4
Let n(t) = -t**3 - 4*t**2 - 2*t + 1. Let z be (1 - -32)*(-1)/(-3). Let k be -1 + 6 + (-900)/45. Let s = k + z. What is n(s)?
9
Suppose 5*r + 5*p - 10 = 0, 3 = -4*r - 2*p + 7. Let q(a) be the first derivative of a**4/4 - a**3/3 + 6*a - 1. What is q(r)?
6
Let u(b) = 0*b - 4*b + 10 + b - 6*b + b**2. Let d be u(8). Let x(i) = 0 - 3*i**2 - 3 + 9 + 2*i - 5. Give x(d).
-7
Let q(a) = -a**3 + 4*a**2. Let i be q(4). Suppose -8 = -4*u - 4*h, 5*u = 2*u + 2*h + 6. Let p(s) = 17 + s**3 - s**2 - u*s**3 - 20 - s. Give p(i).
-3
Let j(k) = -308*k**2 + 10*k - 318*k**2 + 8 + 637*k**2 + k**3. What is j(-10)?
8
Let s be (2 - -4)/(-2) - (-1 + -8). Suppose -9*j = -s*j. Let k(q) = q + 28. What is k(j)?
28
Let h(v) = 2*v**2 + 7*v + 5. Let s = 62 + -54. Suppose -4*a + 3*a + 2*c = 2, -s = 3*a - 4*c. Determine h(a).
9
Let t(k) = k**3 - 3*k**2 - 2*k - 2. Suppose -c = 55 - 59. Give t(c).
6
Let s(m) = 2*m**3 + m + 2. Let p(j) = -14*j - 128. Let f be p(-9). What is s(f)?
-16
Let r(f) = 5*f**2 - 4*f - 3. Let p(b) = -25*b**2 + 21*b + 17. Let t(n) = -2*p(n) - 11*r(n). What is t(2)?
-17
Let w(f) = -4*f + 23. Suppose 11*b - 56 - 21 = 0. Calculate w(b).
-5
Let j(t) = -4*t - 5. Let u(g) = -3*g**2 + 9*g + 8. Let l be u(4). What is j(l)?
11
Let j be (-1)/(-2)*(5 - (-1 + 0)). Let p(w) = -1 - 3*w**2 - 37*w + 2*w**j + 60*w - 27*w. Calculate p(3).
14
Let s(c) = 37 + 8*c**2 - 44 + 7*c - 85*c**3 + 86*c**3. Give s(-7).
-7
Let y(x) = -6*x - 4. Suppose 10*z - 578 = -588. Determine y(z).
2
Let k(t) be the second derivative of t**2/2 + 2*t. Let c(r) = -2*r - 6. Let l(v) = v**2 + 6*v + 7. Let h be l(-4). Let x(s) = h*c(s) - 5*k(s). What is x(-1)?
-1
Let m(o) = 15*o**2 - 5 - 6*o + 25*o**2 - 39*o**2. Determine m(4).
-13
Let y(q) = q - 1. Let p be y(4). Let w(j) = -4*j**3 + 3*j**2 + j + 10. Let d(x) = x**3 + x**2 - 1. Let m(s) = p*d(s) + w(s). What is m(6)?
13
Let w be 10/(-15) + 3 + (-4)/(-6). Let b be (-4)/14 + 2/7. Let d(k) = -2 + b - 1 + 8 + w*k. What is d(-6)?
-13
Let w(t) = -2221*t**2 + 2230*t**2 - 13*t - 3 - 3*t**3 + 2*t**3. What is w(7)?
4
Suppose -11*o + 15*o = 0. Let t(g) = -g**2 - 6. Calculate t(o).
-6
Let k(n) = -n**3 + n**2. Let b = 8 - 5. Let y(c) = 2*c**3 - c**2 - 2. Let o be (-8)/(56/35) - -6. Let l(d) = b*k(d) + o*y(d). What is l(2)?
-2
Let k(g) = 224*g - 4*g**2 + 3*g**2 - 5 + 2*g**2 - 231*g. What is k(7)?
-5
Let b be 300/21 - 2/7. Let r = b - 19. Let j(h) be the first derivative of -h**2/2 + h + 3. Calculate j(r).
6
Let a(y) = y**3 + 3*y**2 + 3*y - 4. Let l(u) = -6*u - 10. Let b be l(-2). Suppose -7*r = 19 + b. Calculate a(r).
-13
Let d(a) = -56*a + 2 - a**2 + 31*a + 21*a - 11. Determine d(-3).
-6
Let w(z) = -20*z**2 - 5*z - 2. Let t(g) = -3*g**2 - 1. Let l(k) = -7*t(k) + w(k). What is l(8)?
29
Let r(k) = -8*k**3 + k**2 + k. Let b = 186 + -187. Give r(b).
8
Let d(h) = h**2 - 14 + 8 + 5*h - 6*h. Give d(5).
14
Let c(j) = -3*j**2 - 74*j - 17. Let y(v) = -4*v**2 - 86*v - 16. Let a(k) = -5*c(k) + 4*y(k). Determine a(27).
-6
Suppose 3*s = 7*s + 16. Let k be 10/s*(2 - 4). Suppose n - k*n - 8 = 0, -18 = 4*a - n. Let u(m) = -m**2 - 6*m + 2. Calculate u(a).
7
Suppose 0*c + 73 = 4*c + 3*s, 0 = -5*c + 4*s + 68. Let k(v) = 10*v**2 + 1 + 29*v - c*v - 13*v. Suppose -5*f = 2*d - 3, 2*d - f = f - 4. What is k(d)?
11
Let j(q) = 328 + 12*q - 328. Determine j(1).
12
Let w be (-10 + 2 + 20)/(1 - -1). Let z(g) = 10 - 3 + 0*g + g. Determine z(w).
13
Suppose -5*q + 24 + 44 = 4*m, -5*m + 4*q + 44 = 0. Suppose -p = 2*p - m. Let s(a) = -a + 3. What is s(p)?
-1
Suppose 12 = -3*r + y, -5 + 26 = -3*r + 4*y. Let g(p) = p**2 + 5*p + 10. Give g(r).
4
Suppose -h = -2*u - 11, 2*u = 2*h - 121 + 111. Let s(p) be the first derivative of p**2 + 4*p + 4. What is s(u)?
-8
Let o(l) = l. Let s be o(1). Suppose -g + 0 = s. Let i(p) = -p**2 + p. Give i(g).
-2
Let l(r) be the third derivative of -r**4/24 - 5*r**3/3 + 97*r**2. What is l(6)?
-16
Let w(f) be the second derivative of -f**5/20 - 7*f**4/12 - 2*f**3/3 + f - 68. Determine w(-4).
-32
Let v(t) = -t + 8. Let z be v(6). Let k(q) = -q - z*q + 0*q - 2*q + 1 - q**2. Calculate k(-5).
1
Suppose 7 = -2*d - 5*t, -14*t + 20 = -3*d - 12*t. Let b(x) be the second derivative of x**3/6 + 3*x**2/2 - x. Calculate b(d).
-3
Let o(p) = 